 digit of 897825?
5
What is the thousands digit of 13683912?
3
What is the tens digit of 260823?
2
What is the units digit of 32843?
3
What is the hundreds digit of 443739?
7
What is the units digit of 2622410?
0
What is the thousands digit of 240751?
0
What is the thousands digit of 3997313?
7
What is the hundreds digit of 3790618?
6
What is the tens digit of 177344?
4
What is the ten millions digit of 11069230?
1
What is the hundreds digit of 108838?
8
What is the thousands digit of 620521?
0
What is the ten thousands digit of 2277460?
7
What is the ten thousands digit of 2260144?
6
What is the thousands digit of 3007702?
7
What is the thousands digit of 86884?
6
What is the tens digit of 2180383?
8
What is the ten thousands digit of 213928?
1
What is the hundreds digit of 19524259?
2
What is the ten thousands digit of 626452?
2
What is the ten thousands digit of 407371?
0
What is the hundreds digit of 3073101?
1
What is the hundred thousands digit of 332247?
3
What is the tens digit of 331694?
9
What is the hundred thousands digit of 111025?
1
What is the ten thousands digit of 186680?
8
What is the hundred thousands digit of 12934033?
9
What is the tens digit of 103515?
1
What is the hundreds digit of 2064771?
7
What is the tens digit of 9634308?
0
What is the thousands digit of 1049661?
9
What is the ten thousands digit of 7181315?
8
What is the ten thousands digit of 988842?
8
What is the ten millions digit of 40878815?
4
What is the ten thousands digit of 2779846?
7
What is the hundreds digit of 299574?
5
What is the units digit of 13883563?
3
What is the millions digit of 2273482?
2
What is the thousands digit of 5015614?
5
What is the millions digit of 14171299?
4
What is the ten thousands digit of 185731?
8
What is the hundreds digit of 112450?
4
What is the millions digit of 21792864?
1
What is the thousands digit of 236028?
6
What is the units digit of 8549587?
7
What is the units digit of 516046?
6
What is the ten millions digit of 13853431?
1
What is the hundred thousands digit of 514522?
5
What is the units digit of 2485399?
9
What is the units digit of 206416?
6
What is the ten thousands digit of 7224976?
2
What is the hundred thousands digit of 107948?
1
What is the hundreds digit of 24528?
5
What is the units digit of 1534969?
9
What is the tens digit of 12963903?
0
What is the ten thousands digit of 70652?
7
What is the thousands digit of 1939536?
9
What is the hundreds digit of 681973?
9
What is the tens digit of 558581?
8
What is the hundreds digit of 19981294?
2
What is the hundred thousands digit of 8516035?
5
What is the hundreds digit of 270216?
2
What is the tens digit of 855410?
1
What is the hundred thousands digit of 6399651?
3
What is the tens digit of 3445213?
1
What is the hundreds digit of 370027?
0
What is the thousands digit of 267531?
7
What is the thousands digit of 1048942?
8
What is the hundred thousands digit of 1784383?
7
What is the units digit of 198496?
6
What is the hundred thousands digit of 4737127?
7
What is the tens digit of 1048962?
6
What is the units digit of 218261?
1
What is the thousands digit of 224565?
4
What is the ten millions digit of 15031722?
1
What is the hundred thousands digit of 2628596?
6
What is the hundred thousands digit of 5033856?
0
What is the units digit of 1031351?
1
What is the hundred thousands digit of 3915221?
9
What is the tens digit of 1190075?
7
What is the thousands digit of 8327672?
7
What is the ten thousands digit of 3236501?
3
What is the hundreds digit of 243058?
0
What is the units digit of 4012530?
0
What is the tens digit of 320557?
5
What is the ten thousands digit of 1692396?
9
What is the hundred thousands digit of 600509?
6
What is the millions digit of 7978953?
7
What is the units digit of 26312?
2
What is the units digit of 1599143?
3
What is the millions digit of 4236085?
4
What is the units digit of 40556?
6
What is the hundreds digit of 523641?
6
What is the millions digit of 3325234?
3
What is the tens digit of 967608?
0
What is the tens digit of 1715309?
0
What is the tens digit of 50325?
2
What is the ten thousands digit of 3024520?
2
What is the hundreds digit of 767927?
9
What is the units digit of 1629827?
7
What is the ten millions digit of 12882399?
1
What is the hundreds digit of 3407876?
8
What is the units digit of 19550975?
5
What is the hundreds digit of 2813388?
3
What is the hundred thousands digit of 270783?
2
What is the hundreds digit of 3244662?
6
What is the units digit of 5267955?
5
What is the tens digit of 8249171?
7
What is the ten thousands digit of 4750412?
5
What is the units digit of 7312037?
7
What is the ten thousands digit of 42314?
4
What is the units digit of 135155?
5
What is the ten millions digit of 11112425?
1
What is the tens digit of 666078?
7
What is the hundreds digit of 11952938?
9
What is the ten thousands digit of 2219183?
1
What is the tens digit of 241521?
2
What is the units digit of 488380?
0
What is the units digit of 1806657?
7
What is the thousands digit of 221752?
1
What is the hundred thousands digit of 461465?
4
What is the hundred thousands digit of 679799?
6
What is the tens digit of 645656?
5
What is the hundred thousands digit of 1143826?
1
What is the thousands digit of 231897?
1
What is the millions digit of 1557617?
1
What is the thousands digit of 621682?
1
What is the units digit of 197731?
1
What is the thousands digit of 280540?
0
What is the hundred thousands digit of 202479?
2
What is the hundreds digit of 678243?
2
What is the thousands digit of 743013?
3
What is the thousands digit of 75032?
5
What is the hundred thousands digit of 15567677?
5
What is the tens digit of 494725?
2
What is the hundreds digit of 7389984?
9
What is the hundred thousands digit of 1024633?
0
What is the tens digit of 659354?
5
What is the units digit of 6463839?
9
What is the units digit of 648136?
6
What is the hundred thousands digit of 2726465?
7
What is the ten thousands digit of 1137287?
3
What is the thousands digit of 143189?
3
What is the units digit of 120554?
4
What is the hundreds digit of 240782?
7
What is the thousands digit of 12130034?
0
What is the thousands digit of 19266565?
6
What is the units digit of 3820115?
5
What is the units digit of 153588?
8
What is the millions digit of 11553377?
1
What is the thousands digit of 65610?
5
What is the hundreds digit of 142398?
3
What is the hundred thousands digit of 3680250?
6
What is the hundreds digit of 604606?
6
What is the millions digit of 6545331?
6
What is the ten thousands digit of 2394508?
9
What is the hundreds digit of 2495794?
7
What is the ten thousands digit of 148052?
4
What is the thousands digit of 426369?
6
What is the hundred thousands digit of 2096480?
0
What is the millions digit of 6205466?
6
What is the units digit of 1205444?
4
What is the hundred thousands digit of 10589115?
5
What is the thousands digit of 29752?
9
What is the tens digit of 20719189?
8
What is the ten thousands digit of 20241?
2
What is the units digit of 196770?
0
What is the units digit of 4837616?
6
What is the tens digit of 102959?
5
What is the hundred thousands digit of 1381773?
3
What is the ten thousands digit of 250541?
5
What is the hundred thousands digit of 13382268?
3
What is the ten thousands digit of 5394022?
9
What is the units digit of 808530?
0
What is the hundreds digit of 247051?
0
What is the hundreds digit of 11304114?
1
What is the units digit of 179895?
5
What is the units digit of 2199006?
6
What is the ten thousands digit of 2848091?
4
What is the hundred thousands digit of 759724?
7
What is the hundred thousands digit of 200787?
2
What is the hundreds digit of 3705933?
9
What is the tens digit of 33781902?
0
What is the tens digit of 6420130?
3
What is the millions digit of 7066647?
7
What is the tens digit of 1792614?
1
What is the hundreds digit of 5828043?
0
What is the tens digit of 1187562?
6
What is the hundred thousands digit of 13661182?
6
What is the units digit of 206154?
4
What is the tens digit of 1199929?
2
What is the hundreds digit of 22063?
0
What is the tens digit of 23878674?
7
What is the thousands digit of 5740688?
0
What is the tens digit of 98804?
0
What is the units digit of 341312?
2
What is t